 96.
12
Let x = 1 + 7. Let k(w) = 4*w - 12. Let b(d) = 2*d - 6. Let t(q) = -7*b(q) + 4*k(q). Let a be t(x). What is the greatest common factor of 90 and a?
10
Let l be 3/(-4) + 295/20. Let j be (8 + -1)/(1/4). Calculate the highest common factor of j and l.
14
Suppose -6*y + 44 = -34. Let h be 1/(1/11)*13. Calculate the highest common divisor of y and h.
13
Suppose 0 = -15*v + 270 + 60. Let g be 9/6*4/3. Suppose 134 = g*p - 42. What is the highest common divisor of v and p?
22
Let t be (35/(-28))/((-1)/144). Let o be (-2)/(-8) - (-46)/8. Suppose -h - t = -o*h. Calculate the greatest common factor of 12 and h.
12
Suppose 0 = 2*j - 7*j + 25, 5*j - 33 = 4*f. Let y be f/(1*2/2). Let q be (y*1 - -26)/1. Calculate the highest common divisor of q and 60.
12
Let z = -39 - -60. Calculate the greatest common factor of 7 and z.
7
Suppose 2*t + 38 = 5*s, 0 = -3*s + 8*s + t - 41. What is the highest common factor of 8 and s?
8
Suppose -2*p = -2*m - 108, 0 = 2*p - p + 4*m - 34. What is the greatest common factor of 10 and p?
10
Let z(u) = u**2 + 2*u - 7. Let x be z(-9). Suppose -s + 9 + 5 = 0. What is the greatest common divisor of x and s?
14
Let p(i) = -24*i**3 + i**2 - 1. Let h(x) = -x**3 + 10*x**2 - 8*x - 10. Let q be h(9). Let f be p(q). Calculate the highest common divisor of f and 4.
4
Suppose -11 + 3 = 3*i + 5*x, 2*i = -5*x - 12. Suppose -4*t + 6 + 58 = -4*y, 0 = t - 2*y - 20. Calculate the greatest common factor of i and t.
4
Let x be 6*2/4*1 + 81. What is the greatest common factor of x and 56?
28
Let g(m) = m**3 + 12*m**2 - m - 3. Let r be g(-12). Calculate the greatest common factor of 54 and r.
9
Let f(d) = d**2 - 3*d - 7. Let a be f(-5). Calculate the highest common divisor of 99 and a.
33
Suppose 0*h - 18 = -3*h. Suppose -q = -0*q - h. Calculate the highest common factor of 30 and q.
6
Suppose 5*r - 3*r - 5*w + 3 = 0, w + 39 = 4*r. What is the highest common factor of r and 77?
11
Let z(q) = 2*q**2. Let j be z(3). Calculate the highest common factor of 12 and j.
6
Suppose 2*x - 246 = -70. Calculate the greatest common factor of x and 11.
11
Let u = 3 - -1. Suppose 3*v + 2*v + 10 = 0, -4*j + 226 = v. Suppose 5*c = j - 17. Calculate the highest common factor of u and c.
4
Suppose -u + 17 = -38. Let d(o) = -o**2 - 7*o - 5. Let z be d(-5). Suppose z*s + 5 - 30 = 0. What is the highest common factor of s and u?
5
Let f = 2 - -1. Suppose -f*o = 3*a - 207, o - 2*o + 51 = -5*a. Calculate the highest common divisor of 165 and o.
33
Let q = -193 - -454. What is the highest common divisor of q and 29?
29
Let p(w) = w - w**3 + 7 + w**2 + 5*w + 0*w + 3*w**2. Let r be p(5). What is the greatest common divisor of r and 132?
12
Suppose 4*b - 208 = 2*b. What is the greatest common divisor of 8 and b?
8
Let t = 24 + 10. Let b = t + -10. What is the highest common factor of b and 36?
12
Suppose 3*m + 3*f = 18, -7*m - 3*f + 40 = -2*m. Suppose -2*z + 5*g + 149 = 0, -4*z + 9*z - g - 384 = 0. Calculate the greatest common factor of z and m.
11
Let w(z) = 5*z + 5. Let x be w(6). Suppose -x = -2*t - 3*t. What is the highest common divisor of t and 7?
7
Let y be (-20)/3*81/(-45). Calculate the highest common divisor of 18 and y.
6
Suppose 0*n = -n + 1. Suppose -4*y + 68 = 8. Suppose 6*d = d + y. What is the highest common factor of n and d?
1
Let g = -15 + 24. Calculate the highest common factor of 6 and g.
3
Let q(a) = -8*a**3 + 3*a + 2. Let z be q(-1). What is the highest common factor of z and 63?
7
Suppose q - 3*i + 18 = 6*q, 2*q - 5*i - 1 = 0. Let d be 2 + (-3 + 6)/q. Calculate the highest common factor of 2 and d.
1
Suppose 96 = 2*d - 4*c + c, -4*d + 4*c = -188. Suppose 5*t - 5*b - d = 0, -3*b = -2 - 1. What is the greatest common factor of 80 and t?
10
Let x be 6*(-1 + (-21)/(-9)). Suppose -2*w + x + 4 = 0. Calculate the greatest common factor of 12 and w.
6
Let t be 1/(-6) - (-1928)/48. What is the greatest common divisor of t and 8?
8
Let k = 53 - 37. Calculate the highest common divisor of 144 and k.
16
Let n(y) = -y**3 - 7*y**2 + 8*y + 11. Let h = 3 + -11. Let t be n(h). Calculate the greatest common factor of 77 and t.
11
Suppose 2*u - 49 = u - 5*y, -5*u - y + 245 = 0. Calculate the highest common divisor of 14 and u.
7
Let d(r) = r**2 - 7*r + 3. Let t = -9 - -16. Let l be d(t). Suppose -q - 3*c + 33 = 2*q, 5*q - 47 = -l*c. Calculate the greatest common divisor of q and 1.
1
Let f(v) = -9*v**3 + 0*v + 2*v + 2*v**2 + 5 - 4. Let u be f(-1). Let b be (-2)/u - (-242)/10. What is the highest common divisor of 6 and b?
6
Let h(x) = x - 2. Let s be h(-3). Let q(o) = o**3 + 8*o**2 - o + 10. Let u be q(s). What is the highest common divisor of u and 18?
18
Suppose -u + 4*n + 7 = -14, -u + 3*n = -18. What is the highest common factor of u and 36?
9
Let z = 5 - 3. Suppose 2*p - 5*o = -z*o + 19, 5*o = -25. Calculate the greatest common divisor of p and 3.
1
Let q(v) = v**3 - 5*v**2 + 2*v - 7. Let j be q(5). Suppose 0 = -j*t - 0*t + 432. Calculate the greatest common factor of 18 and t.
18
Suppose 0 = -u + o - 2*o + 10, 0 = 5*u - 5*o - 60. What is the greatest common divisor of u and 33?
11
Suppose -144 = -4*y - 0*y. Calculate the highest common factor of 12 and y.
12
Let j = 67 - 49. Calculate the highest common divisor of 36 and j.
18
Let w = 54 - 19. Calculate the highest common factor of 105 and w.
35
Let k(i) = 3*i**2 - 3*i. Let u be k(-6). Suppose 0 = -14*p + 6*p + 144. What is the greatest common factor of p and u?
18
Let k = -25 - -39. Calculate the greatest common divisor of 2 and k.
2
Let a(z) = z**2 + 9*z - 5. Let x be a(-10). Calculate the highest common divisor of x and 45.
5
Suppose -4*q - 3*i + 8 = -5*i, -12 = -5*q + 3*i. Let z(s) = -s**2 + 2. Let x be z(q). Calculate the highest common divisor of x and 6.
2
Let q be 0 - (-5)/(15/6). What is the greatest common divisor of 1 and q?
1
Let g = -6 + 6. Suppose 5*o + g*o - 45 = 0. Calculate the greatest common factor of o and 9.
9
Let c = -180 + 332. What is the greatest common divisor of c and 38?
38
Suppose 3*h + 225 = 4*v, -5*h + 399 - 74 = 5*v. Calculate the highest common factor of 15 and v.
15
Let b be 96/7*105/10. What is the greatest common divisor of b and 18?
18
Let v = 16 - 16. Let b(z) = z**2 + 136. Let u be b(v). What is the highest common divisor of u and 17?
17
Let w(h) = -h**3 + 6*h**2 + 6*h + 14. Let l be w(7). What is the greatest common factor of l and 63?
7
Let b be (22 + -4)*(-2)/(-3). Suppose -a - 96 = -5*a. Calculate the highest common factor of b and a.
12
Let j = -2 + 3. Let z(i) = 11*i**3 - 2*i + 1. Let k be z(j). What is the highest common divisor of k and 10?
10
Let o = -14 - -23. What is the highest common factor of 36 and o?
9
Suppose 2*z = 2*c - 2*z - 12, c = 5*z + 21. Let w = c - -30. Calculate the greatest common divisor of w and 208.
26
Let m(v) = 29*v + 4. Let a be m(3). Let t be -39 + (0 + 2)*-2. Let l = a + t. Calculate the greatest common factor of 12 and l.
12
Let m = 1 - -4. Let n be m/(20/(-8)) - -114. Calculate the greatest common factor of 14 and n.
14
Suppose -2*a = -5*a + 2*p + 48, 0 = -2*a + 2*p + 32. Let r = -21 - -45. Calculate the greatest common divisor of r and a.
8
Suppose 0 = -0*g + 5*g - 25. What is the highest common factor of 55 and g?
5
Let r be (-6243)/(-27) + 2/(-9). What is the greatest common divisor of r and 21?
21
Suppose -100 = -5*t - 2*v, 0 = -t - 5*v - 0*v + 43. Let z = 88 + -34. Calculate the highest common factor of z and t.
18
Suppose 3*q = 58 + 236. What is the greatest common factor of 14 and q?
14
Suppose -3*i - 4*h = -i + 8, 3*i = -h + 13. Let g(n) = -n - 2. Let u be g(-6). Suppose -u*q + q + 6 = 0. Calculate the highest common factor of i and q.
2
Let t = -6 + 10. Suppose 5*u - 5*x - 87 = 113, 4*x = 20. Suppose 4*o + 4 = -0*o, 3*o - u = -4*p. What is the highest common factor of p and t?
4
Let r(k) = -k**2 + 5*k - 2. Let q be r(3). Calculate the highest common divisor of 12 and q.
4
Let k(z) = -z**3 + 4*z**2 + 7*z. Let m be k(5). Calculate the greatest common divisor of m and 25.
5
Let o = 62 + -50. Calculate the highest common factor of o and 6.
6
Suppose 19 = x + 5*i, 3*i - 23 + 8 = 0. Let l be x*(3/6)/(-1). Let g(v) = 3*v + 4. Let o be g(l). Calculate the highest common divisor of o and 104.
13
Let x = 10 + -4. Calculate the gre